{"id":2932,"date":"2025-07-25T16:56:30","date_gmt":"2025-07-25T16:56:30","guid":{"rendered":"https:\/\/fastwatersflyfishing.com\/?post_type=product&#038;p=2932"},"modified":"2025-11-10T12:30:14","modified_gmt":"2025-11-10T12:30:14","slug":"trouthunter-fluorocarbon-leader-9-ft","status":"publish","type":"product","link":"https:\/\/fastwatersflyfishing.com\/?product=trouthunter-fluorocarbon-leader-9-ft","title":{"rendered":"TroutHunter Fluorocarbon Leader &#8211; 9 ft"},"content":{"rendered":"<p>Los l\u00edderes de fluorocarbono TroutHunter son de la m\u00e1s alta calidad disponible. Las secciones<br \/>\nlargas del butt ayudan a dar vuelta moscas pesadas y a atravesar el viento. Los l\u00edderes de<br \/>\nfluorocarbono brindan una invisibilidad, fuerza y resistencia a la abrasi\u00f3n superiores, lo que los<br \/>\nconvierte en una opci\u00f3n l\u00f3gica para la pesca de truchas grandes asustadizas, as\u00ed como de<br \/>\nespecies an\u00e1dromas y de agua salada. Disponibles en tama\u00f1os de 03X a 5X en longitud de 9&amp;#39;.<\/p>\n","protected":false},"excerpt":{"rendered":"<p>Los l\u00edderes de fluorocarbono TroutHunter ofrecen resistencia superior, resistencia a la abrasi\u00f3n e invisibilidad, lo que los convierte en una opci\u00f3n f\u00e1cil para truchas asustadizas y otras especies.<\/p>\n","protected":false},"featured_media":2941,"template":"","meta":[],"product_brand":[],"product_cat":[43],"product_tag":[],"class_list":{"0":"post-2932","1":"product","2":"type-product","3":"status-publish","4":"has-post-thumbnail","6":"product_cat-leader","8":"first","9":"instock","10":"shipping-taxable","11":"purchasable","12":"product-type-variable"},"_links":{"self":[{"href":"https:\/\/fastwatersflyfishing.com\/index.php?rest_route=\/wp\/v2\/product\/2932","targetHints":{"allow":["GET"]}}],"collection":[{"href":"https:\/\/fastwatersflyfishing.com\/index.php?rest_route=\/wp\/v2\/product"}],"about":[{"href":"https:\/\/fastwatersflyfishing.com\/index.php?rest_route=\/wp\/v2\/types\/product"}],"wp:featuredmedia":[{"embeddable":true,"href":"https:\/\/fastwatersflyfishing.com\/index.php?rest_route=\/wp\/v2\/media\/2941"}],"wp:attachment":[{"href":"https:\/\/fastwatersflyfishing.com\/index.php?rest_route=%2Fwp%2Fv2%2Fmedia&parent=2932"}],"wp:term":[{"taxonomy":"product_brand","embeddable":true,"href":"https:\/\/fastwatersflyfishing.com\/index.php?rest_route=%2Fwp%2Fv2%2Fproduct_brand&post=2932"},{"taxonomy":"product_cat","embeddable":true,"href":"https:\/\/fastwatersflyfishing.com\/index.php?rest_route=%2Fwp%2Fv2%2Fproduct_cat&post=2932"},{"taxonomy":"product_tag","embeddable":true,"href":"https:\/\/fastwatersflyfishing.com\/index.php?rest_route=%2Fwp%2Fv2%2Fproduct_tag&post=2932"}],"curies":[{"name":"wp","href":"https:\/\/api.w.org\/{rel}","templated":true}]}}